1
What is the units digit of 1053434?
4
What is the ten thousands digit of 199986?
9
What is the units digit of 8816560?
0
What is the hundreds digit of 482690?
6
What is the units digit of 39622?
2
What is the tens digit of 489954?
5
What is the tens digit of 6741399?
9
What is the units digit of 6703755?
5
What is the tens digit of 734248?
4
What is the thousands digit of 9617645?
7
What is the thousands digit of 5850360?
0
What is the units digit of 6172267?
7
What is the tens digit of 196901?
0
What is the units digit of 186500?
0
What is the tens digit of 22278417?
1
What is the thousands digit of 3723189?
3
What is the hundred thousands digit of 728784?
7
What is the millions digit of 1431220?
1
What is the tens digit of 486869?
6
What is the tens digit of 4284860?
6
What is the tens digit of 343772?
7
What is the thousands digit of 229370?
9
What is the tens digit of 378997?
9
What is the ten thousands digit of 105286?
0
What is the tens digit of 531467?
6
What is the hundred thousands digit of 2327414?
3
What is the hundred thousands digit of 105409?
1
What is the hundred thousands digit of 3267891?
2
What is the tens digit of 23596290?
9
What is the hundreds digit of 269613?
6
What is the millions digit of 2736700?
2
What is the thousands digit of 239190?
9
What is the thousands digit of 163813?
3
What is the units digit of 846599?
9
What is the hundreds digit of 950500?
5
What is the millions digit of 6274443?
6
What is the hundred thousands digit of 259573?
2
What is the hundred thousands digit of 10311102?
3
What is the ten thousands digit of 208976?
0
What is the millions digit of 7347776?
7
What is the tens digit of 1575286?
8
What is the ten thousands digit of 650302?
5
What is the units digit of 131919?
9
What is the thousands digit of 2332064?
2
What is the tens digit of 4538534?
3
What is the ten thousands digit of 66494?
6
What is the ten thousands digit of 1047207?
4
What is the ten thousands digit of 8655141?
5
What is the units digit of 6310239?
9
What is the ten thousands digit of 499340?
9
What is the hundreds digit of 72410?
4
What is the tens digit of 1092864?
6
What is the ten thousands digit of 5202450?
0
What is the hundreds digit of 263359?
3
What is the units digit of 69589?
9
What is the hundreds digit of 206899?
8
What is the hundreds digit of 203953?
9
What is the thousands digit of 125504?
5
What is the tens digit of 4443651?
5
What is the millions digit of 9685454?
9
What is the thousands digit of 245355?
5
What is the units digit of 12243?
3
What is the units digit of 3827883?
3
What is the units digit of 110825?
5
What is the units digit of 1067331?
1
What is the tens digit of 228158?
5
What is the hundreds digit of 214414?
4
What is the thousands digit of 1133271?
3
What is the thousands digit of 201949?
1
What is the hundreds digit of 5337248?
2
What is the ten thousands digit of 1882913?
8
What is the ten millions digit of 10770748?
1
What is the hundreds digit of 3212075?
0
What is the ten thousands digit of 127149?
2
What is the tens digit of 1135752?
5
What is the millions digit of 14724603?
4
What is the hundred thousands digit of 1473872?
4
What is the millions digit of 22055877?
2
What is the millions digit of 2892122?
2
What is the hundreds digit of 3807799?
7
What is the hundred thousands digit of 4276680?
2
What is the millions digit of 4576013?
4
What is the thousands digit of 16971962?
1
What is the units digit of 7903842?
2
What is the units digit of 3093648?
8
What is the ten thousands digit of 721915?
2
What is the hundreds digit of 130771?
7
What is the millions digit of 6756144?
6
What is the ten thousands digit of 6450103?
5
What is the thousands digit of 4973587?
3
What is the hundreds digit of 33389696?
6
What is the hundreds digit of 232843?
8
What is the hundred thousands digit of 298452?
2
What is the ten thousands digit of 360245?
6
What is the hundred thousands digit of 350852?
3
What is the thousands digit of 403287?
3
What is the hundreds digit of 6845589?
5
What is the units digit of 726383?
3
What is the hundreds digit of 4208221?
2
What is the hundreds digit of 4791497?
4
What is the units digit of 25964107?
7
What is the ten thousands digit of 418466?
1
What is the hundred thousands digit of 113640?
1
What is the ten thousands digit of 3063125?
6
What is the tens digit of 742489?
8
What is the thousands digit of 155726?
5
What is the units digit of 14794220?
0
What is the hundred thousands digit of 1253699?
2
What is the ten millions digit of 42091388?
4
What is the hundred thousands digit of 3695631?
6
What is the tens digit of 786237?
3
What is the units digit of 500913?
3
What is the ten thousands digit of 68627?
6
What is the tens digit of 12766108?
0
What is the units digit of 570083?
3
What is the ten thousands digit of 3712195?
1
What is the units digit of 127591?
1
What is the hundred thousands digit of 228958?
2
What is the hundred thousands digit of 344670?
3
What is the tens digit of 644311?
1
What is the hundred thousands digit of 618338?
6
What is the thousands digit of 232716?
2
What is the hundred thousands digit of 177012?
1
What is the tens digit of 668162?
6
What is the tens digit of 9428422?
2
What is the hundred thousands digit of 6813020?
8
What is the thousands digit of 26494937?
4
What is the ten thousands digit of 8867466?
6
What is the thousands digit of 3603694?
3
What is the ten thousands digit of 129478?
2
What is the units digit of 2037785?
5
What is the tens digit of 31862295?
9
What is the hundreds digit of 18649?
6
What is the hundred thousands digit of 224902?
2
What is the thousands digit of 198495?
8
What is the ten thousands digit of 665328?
6
What is the tens digit of 55481?
8
What is the thousands digit of 3628374?
8
What is the ten thousands digit of 4869454?
6
What is the ten thousands digit of 3111927?
1
What is the hundreds digit of 31354?
3
What is the hundreds digit of 14319673?
6
What is the millions digit of 1284636?
1
What is the ten thousands digit of 117398?
1
What is the hundred thousands digit of 222828?
2
What is the hundreds digit of 2881968?
9
What is the tens digit of 879040?
4
What is the tens digit of 18000836?
3
What is the ten millions digit of 31813288?
3
What is the hundred thousands digit of 1307816?
3
What is the thousands digit of 1918426?
8
What is the hundreds digit of 268362?
3
What is the ten thousands digit of 612453?
1
What is the units digit of 399998?
8
What is the tens digit of 250332?
3
What is the units digit of 2114838?
8
What is the units digit of 560477?
7
What is the ten thousands digit of 133623?
3
What is the ten thousands digit of 2118792?
1
What is the thousands digit of 930469?
0
What is the hundred thousands digit of 5696159?
6
What is the ten millions digit of 21938330?
2
What is the units digit of 28880?
0
What is the ten thousands digit of 744519?
4
What is the hundreds digit of 1038597?
5
What is the units digit of 279592?
2
What is the thousands digit of 800909?
0
What is the tens digit of 75489?
8
What is the hundreds digit of 272057?
0
What is the thousands digit of 916648?
6
What is the hundred thousands digit of 43228619?
2
What is the units digit of 6990320?
0
What is the hundred thousands digit of 941447?
9
What is the thousands digit of 1380170?
0
What is the units digit of 729778?
8
What is the hundreds digit of 10653665?
6
What is the ten thousands digit of 1549543?
4
What is the thousands digit of 589689?
9
What is the millions digit of 3868110?
3
What is the units digit of 3193390?
0
What is the hundreds digit of 2324229?
2
What is the units digit of 124312?
2
What is the tens digit of 10290649?
4
What is the hundred thousands digit of 717433?
7
What is the thousands digit of 23033984?
3
What is the hundred thousands digit of 27920388?
9
What is the thousands digit of 4207522?
7
What is the ten thousands digit of 24177?
2
What is the ten thousands digit of 273710?
7
What is the tens digit of 18980934?
3
What is the tens digit of 953386?
8
What is the hundred thousands digit of 1519222?
5
What is the thousands digit of 4037579?
7
What is the thousands digit of 3495723?
5
What is the tens digit of 3080255?
5
What is the units digit of 84158?
8
What is the thousands digit 